1).
-35
Let j be (520/(-25))/8 - (-20)/(-50). Let f(b) = -b**3 - 2*b**2 + 4*b + 1. Determine f(j).
-2
Let r(z) = -4*z**2 - 415*z**3 + 206*z**3 + 210*z**3. Give r(4).
0
Let u(z) = -z**3 - 11*z**2 - 12*z - 9. Suppose 61*v - 10 = 62*v. Calculate u(v).
11
Let v = 346 + -356. Let a(i) = i + 19. Give a(v).
9
Let h(i) = -i + 8. Let w = -35 + 39. Let a(t) = -2*t + 15. Let q(y) = w*a(y) - 7*h(y). Calculate q(6).
-2
Let l(h) be the first derivative of h**4/4 - 2*h**3 - h**2/2 + 3*h + 7. Suppose -3*j + f = -20, 2*f + 2 = -j - 2*f. Calculate l(j).
-3
Let j(i) be the second derivative of -9*i + 0 - i**2 - 1/6*i**3. Calculate j(-4).
2
Let a(l) = 2*l**3 - 3*l - 21. Let b(w) = 3*w**3 - 5*w - 41. Let y(c) = 5*a(c) - 3*b(c). Let q be (4/20*0)/2. Give y(q).
18
Let c(z) = z + 7. Suppose 5*d - 32 = 5*s - 12, 6 = -5*s - 2*d. Let l be s/(8/(-12)) + 2. What is c(l)?
12
Let s(n) = -n**2 - 17*n - 19. Let w be s(-16). Let f(y) = -2*y + 1. Determine f(w).
7
Let u(r) = 3*r**3 + 2*r - 7*r - 12 - 4*r**3 + 8*r**2. Let t be u(7). Let c(f) = -2*f**3 + 3 - 6*f + 11*f**2 + 2*f - 7*f**2. Determine c(t).
-5
Let z(h) = 2*h - 10. Suppose -21 = g - 4*g. Let p be z(g). Let j(b) = 1 - b + 4*b - p*b. Give j(-5).
6
Let u(a) = -2 - 3*a - 7350*a**2 + 7351*a**2 + 2*a - 7*a**3 - 2*a. Give u(-1).
9
Let r(k) = 56*k - 28. Let f(c) = -71*c + 27. Let m(n) = -4*f(n) - 5*r(n). Calculate m(-10).
-8
Suppose 0 = -36*x - 17*x - 212. Let z(b) = -b**3 - 5*b**2 - 2*b + 3. Determine z(x).
-5
Let f(y) be the first derivative of -y**2/2 + 13*y + 22. Determine f(0).
13
Let v be 110/935 - (-87)/(-17). Let t(f) = -f**2 - 2*f + 2. Calculate t(v).
-13
Let m(v) = v**3 - 15*v**2 - 15*v - 2. Let g be 12*(-8 + 224/24). Determine m(g).
14
Let q(b) = -8*b - 17. Let h(t) = 15*t + 33. Let l(s) = -4*h(s) - 7*q(s). Let y(r) = -6*r - 20. Let f(v) = -8*l(v) + 5*y(v). Determine f(6).
16
Suppose -p + 25 = -0*p. Suppose 21 = -4*t - 5*q, q + 4*q = -p. Let i(a) = 7*a - 6*a + 2*a + t. Give i(-4).
-11
Let p be (1 + -1)/((-39)/(-13)). Let y(f) = -2*f + 5. What is y(p)?
5
Suppose w = -5*g - 2, -3*w + g - 3 = 3. Let x(f) = 2*f**2 + 3*f + 2. Give x(w).
4
Let l(j) be the third derivative of j**5/60 - j**4/3 + j**3/6 + j**2. Let f(g) = g**2 + 17*g + 2. Let i be f(-15). Let k = i - -35. Determine l(k).
-6
Let f(g) be the third derivative of -g**8/2240 + g**7/2520 + g**6/720 + g**4/4 - 3*g**2. Let v(a) be the second derivative of f(a). Calculate v(-1).
3
Let j(s) = -s**3 + 6*s**2 + 7*s. Let h be (-10)/((-300)/(-34)) - 2/(-15). Let t be (-2)/(2 - (-7)/(-3)). Let y = t - h. Calculate j(y).
0
Let m(v) be the first derivative of -v**2 + v + 53. Let x = -8 - -6. What is m(x)?
5
Let f(o) = 2*o**3 - 35*o**2 + 3*o + 10. Let j(y) = y**3 - 17*y**2 + 3*y + 3. Let b(q) = -6*f(q) + 13*j(q). Calculate b(9).
6
Let i(v) = 26*v - 3. Let h(b) = -81*b + 10. Let a(n) = -2*h(n) - 7*i(n). What is a(-1)?
21
Let k(x) = 3*x**2 - 2*x - 1. Let h be (-8)/12*36/(-2). Suppose -3*s + 18 = -4*b, 3*s - 2*b = -0*b + h. Calculate k(s).
7
Let l(d) = -2*d + d + 14*d**3 - 15*d**3 + 1 + d**2. Let i be (-48)/(-168) - 12/(-7). What is l(i)?
-5
Let c(n) = -n**3 - 6*n**2 - 5*n + 5. Suppose a = -2*b - 8, -b + 2 = 3*a - a. Let h be b/(-18) - 2/(-3). Let z(p) = -5*p**3 - p + 1. Let o be z(h). What is c(o)?
5
Let f(h) = -2*h + 4. Suppose -2*u + 3*x + 35 + 5 = 0, 0 = 5*u - 3*x - 82. Suppose -2*i - 6 + u = 0. What is f(i)?
-4
Let p(y) = 8*y**2 + 16*y + 49. Let d(q) = 3*q**2 + 5*q + 16. Let z(t) = 11*d(t) - 4*p(t). Let m be z(11). Let c(v) = v**3 - 2*v**2 + v - 1. What is c(m)?
1
Let f(r) = 2*r**2 + 8*r - 9. Let b(o) = -5*o**2 - 23*o + 25. Let s(n) = 4*b(n) + 11*f(n). Determine s(4).
17
Let l be (0 + -2 - -2)*1. Suppose l = -5*c + 5*k - 5, c = 2*c - 2*k + 2. Let x(q) = q - 2*q + 3*q**2 - 2*q**2 + 7. Determine x(c).
7
Let m(v) = v**3 + 6*v**2 + 4*v - 4. Let h(n) = n - 3. Let w be h(4). Let l = -5 + w. What is m(l)?
12
Let h(x) = 12*x - 8. Let q(w) = -108*w + 328. Let z be q(3). Give h(z).
40
Suppose 5 = 5*p + 40. Let c(d) be the third derivative of -d**6/120 - d**5/10 + d**4/4 - 3*d**3/2 - 2*d**2 - d. What is c(p)?
-2
Let r(s) = -3*s**3 + 14*s**2 + 7*s + 5. Let m(f) = 4*f**3 - 16*f**2 - 7*f - 5. Let u(o) = 4*m(o) + 5*r(o). Suppose 0*k + 4*k = -20. Calculate u(k).
-5
Let k(j) be the second derivative of j**3/6 - 5*j**2/2 - 3*j + 21. Determine k(4).
-1
Let f(h) be the first derivative of -h**4/4 - 14*h**3/3 - 7*h - 67. Calculate f(-14).
-7
Let z(p) = 56*p**2 + 70*p**2 - 1 - 189*p**2 + 53*p**2 - 7 + p**3 + 5*p. Give z(9).
-44
Let r(x) = -2*x**3 + 17*x**2 - 5*x - 12. Let d be r(8). Let a(w) = -w**2 + 10*w + 24. Determine a(d).
0
Let b = -878 + 875. Let n(c) = -2*c**2 + 3*c - 4. Give n(b).
-31
Let w be 1 + -18 + 17 + 9 + -3. Let g(c) = -c**3 + 6*c**2 + 2*c - 7. Give g(w).
5
Let m(a) = a**3 - 4*a**2 - 5*a + 6. Let v = 5 + -5. Suppose 27 = 5*u + 2*i, v = 5*i - 4 - 1. What is m(u)?
6
Let b(r) = -467630*r - r**3 - 3 + 467632*r + 0*r**3 - 2*r**2. Determine b(-3).
0
Let q = -3 + -3. Let f = 11 + q. Let y(m) be the third derivative of m**5/60 - 7*m**4/24 + 7*m**3/6 + m**2 - 37*m. Calculate y(f).
-3
Suppose 96 = 5*d - 7*z + 3*z, 5*d + 5*z = 60. Let y = d + -8. Suppose y*u - 41 + 1 = 0. Let j(i) = 3*i - 7. Determine j(u).
8
Let u(i) be the third derivative of -i**6/120 + i**5/12 + i**4/24 + 34*i**2. Determine u(5).
5
Let k(o) = -13*o**2 + 5*o + 5. Let w(g) = -37*g**2 + 13*g + 14. Let f(t) = -17*k(t) + 6*w(t). Determine f(-6).
5
Suppose -n + 0*n = -2*o - 26, 0 = -4*n - o + 104. Let i = n + -28. Let g(d) = -d**3 - 2*d**2 - d + 2. Calculate g(i).
4
Let u(h) = -h + 2*h + h - 2. Let p(q) = q**3 + q**2 - 5*q - 12. Let i be 1/5 + (264/(-20))/6. Let z be p(i). Calculate u(z).
-14
Let k(o) = -o + 4. Let u = -6 + 10. Suppose -10 = -2*q + 3*s, -3*q + u*s = -14 - 0. Suppose -q*i + 35 = 5*i. Give k(i).
-1
Let h be (22/(-10))/(11/(-55)). Let x(l) = -l**3 + 10*l**2 + 4*l - 1. Let p(k) = -2*k**3 + 19*k**2 + 7*k - 2. Let q(a) = h*x(a) - 6*p(a). Determine q(2).
-3
Let k = 2 - -1. Let w(v) = 2*v + 2. Let d(z) = 12*z + 6. Let f(l) = d(l) - 4*w(l). Determine f(k).
10
Suppose -42 = 5*w + 2*w. Let p be (-1)/(9/6 + -2). Let y(u) = -u**2 + 4*u**2 - 2*u**p + 3 + 2*u + 6*u. Give y(w).
-9
Let x be 13/130*10 - (-1 - -2). Let o(y) be the second derivative of 1/3*y**3 + 4*y + x + 1/12*y**4 + 1/2*y**2. What is o(-3)?
4
Let j = -394 + 381. Let u(g) = g + 6. What is u(j)?
-7
Let a(z) = 11*z - 4. Let n be 5 - (-5 + -1)/(6/(-4)). Let o be a(n). Let u(v) = -v**3 + 6*v**2 + 8*v - 5. What is u(o)?
2
Let g(s) be the second derivative of -1/6*s**3 - 5/2*s**2 + 9*s - 1/12*s**4 + 0. What is g(0)?
-5
Suppose -5*l - 22 = -3*p, -4*l + 4*p = 3*p + 19. Let z = -7 - l. Let u(g) = 3*g - 7. Let v(s) = s - 4. Let b(a) = z*u(a) + 5*v(a). Determine b(6).
-12
Let j(n) = 6*n**2 - 10*n + 34. Let g(y) = 5*y**2 - 9*y + 28. Let q(w) = -7*g(w) + 6*j(w). Calculate q(-5).
18
Let h(c) = c**3 - 7*c**2 - 8*c + 2. Let j be (25/(-5))/((-65)/104). Calculate h(j).
2
Suppose 0 = -59*p + 69*p + 40. Let m(l) = -l**2 - 9*l - 3. Determine m(p).
17
Let z(r) = r**3 + 5*r - 2. Suppose 0 = w + 4*p + 1, 9*w - 5*p - 14 = 6*w. What is z(w)?
40
Suppose -213 + 225 = 6*z. Let p(d) = -14*d + 5. Give p(z).
-23
Let f(q) = -33*q**2 - 3 + 12*q**2 - 8*q + 2*q + 20*q**2. Determine f(-8).
-19
Suppose 0 = -0*p - 3*p + 15. Let q(c) = c - c**2 - 5364 - c + 5359 + 7*c. Determine q(p).
5
Let p(k) be the second derivative of k**7/210 - k**3/6 + k. Let z(m) be the second derivative of p(m). Let a be 343/(-98)*(-2)/7. Calculate z(a).
4
Let f(j) be the second derivative of j**4/12 + j**3/6 - 7*j**2/2 + 129*j. Determine f(-6).
23
Let n(m) be the third derivative of m**5/60 + 7*m**4/6 - 7*m**3/2 + 192*m**2. Calculate n(-29).
8
Let f(k) = -k**2 + 5*k + 6. Let d(c) = -c**2 - 15*c + 2. Let q be d(-16). Let b(g) = -2*g - 23. Let u be b(q). Give f(u).
6
Let n be 108/30 + 2/5. Let l(k) = -k**3 - 3*k - 4. Let z(i) = -i**3 + i**2 - 4*i - 5. Let w(j) = n*l(j) - 3*z(j). Determine w(-2).
-5
Let d be 3/1*(-40)/(-15). Suppose -2*k - y = 2*y + 2, -4*y = -d. Let i(l) = 3*l - 3. Determine i(k).
-15
Let z(k) = k - 8. Let b(t) = t + 7. Let g(u) = u + 1. Let l(q) = -b(q) - 2*g(q). Let d = 536 - 541. Let r be l(d). Determine z(r).
-2
Let y(k) = -21 + 38 + 6 + 3*k. What is y(-9)?
-4
Let b(p) = 4*p**3 - 9*p**2 - 10*p + 6.